
{"id":2588,"date":"2025-12-01T11:50:00","date_gmt":"2025-12-01T11:50:00","guid":{"rendered":"https:\/\/soilprom.eu\/?post_type=project-activity&#038;p=2588"},"modified":"2026-01-27T11:54:12","modified_gmt":"2026-01-27T11:54:12","slug":"soilprom-at-the-mission-soil-week-2025","status":"publish","type":"project-activity","link":"https:\/\/soilprom.eu\/pl\/project-activities\/soilprom-at-the-mission-soil-week-2025\/","title":{"rendered":"SOILPROM na Mission Soil Week 2025"},"content":{"rendered":"<p><\/p>\n\n\n\n<p>The <strong>Trzecia edycja Europejskiego Tygodnia Misyjnego (EMSW)<\/strong> pomy\u015blnie zako\u0144czona w dniu <strong>6 listopada 2025 r.<\/strong> na <strong>Uniwersytet Aarhus, Dania<\/strong>, co stanowi kolejny kamie\u0144 milowy w wysi\u0142kach na rzecz <strong>zdrowie gleby, zr\u00f3wnowa\u017cone u\u017cytkowanie grunt\u00f3w i rolnictwo przyjazne dla klimatu<\/strong> w ca\u0142ej Europie.<\/p>\n\n\n\n<p>Organizowane przez <strong>Dyrekcja Generalna ds. Rolnictwa i Rozwoju Obszar\u00f3w Wiejskich Komisji Europejskiej<\/strong>, w <strong>Du\u0144skie Ministerstwo Zielonej Transformacji<\/strong>, oraz <strong>Uniwersytet Aarhus<\/strong>, i pod auspicjami <strong>Du\u0144ska prezydencja w Radzie UE<\/strong>, EMSW 2025 zgromadzi\u0142o <strong>Europejska spo\u0142eczno\u015b\u0107 glebowa<\/strong> na dwa dni dyskusji na wysokim szczeblu, wymiany wiedzy i zaanga\u017cowania interesariuszy.<\/p>\n\n\n\n<p><\/p>\n\n\n\n<p>Tegoroczna edycja podkre\u015bli\u0142a <strong>pilna potrzeba mobilizacji kapita\u0142u publicznego i prywatnego<\/strong> dla zdrowia gleby. Z ponad <strong>50 prelegent\u00f3w-ekspert\u00f3w<\/strong> wydarzenie zbadane <strong>innowacyjne modele biznesowe, mechanizmy finansowania i mo\u017cliwo\u015bci inwestycyjne<\/strong> kt\u00f3re mog\u0105 przyspieszy\u0107 przyj\u0119cie zr\u00f3wnowa\u017conych praktyk w rolnictwie, le\u015bnictwie i zarz\u0105dzaniu gruntami.<\/p>\n\n\n\n<p>Konferencja przyci\u0105gn\u0119\u0142a <strong>oko\u0142o 300 osobistych uczestnik\u00f3w<\/strong> i <strong>900 widz\u00f3w online<\/strong>, tworz\u0105c t\u0119tni\u0105ce \u017cyciem forum dla naukowc\u00f3w, decydent\u00f3w, zarz\u0105dc\u00f3w grunt\u00f3w, podmiot\u00f3w spo\u0142ecze\u0144stwa obywatelskiego, rolnik\u00f3w, le\u015bnik\u00f3w i przedstawicieli przemys\u0142u z ca\u0142ej Europy.<\/p>\n\n\n\n<p><\/p>\n\n\n\n<p>Pi\u0119tna\u015bcie <strong>Projekty finansowane przez misj\u0119<\/strong> zaprezentowali swoje najnowsze osi\u0105gni\u0119cia, w tym <strong>rozwi\u0105zania w zakresie gospodarki o obiegu zamkni\u0119tym, rolnictwo w\u0119glowe, bior\u00f3\u017cnorodno\u015b\u0107, rekultywacja zanieczyszcze\u0144, dane dotycz\u0105ce gleby i inicjatywy anga\u017cuj\u0105ce obywateli<\/strong>. <\/p>","protected":false},"excerpt":{"rendered":"<p>The third edition of European Mission Soil Week (EMSW) successfully concluded on 6 November 2025 at Aarhus University, Denmark, marking another milestone in efforts to advance soil health, sustainable land use, and climate-smart agriculture across Europe. Organised by the European Commission\u2019s Directorate-General for Agriculture and Rural Development, the Danish Ministry of Green Transition, and Aarhus [&hellip;]<\/p>\n","protected":false},"featured_media":2589,"template":"","categories":[9],"tags":[],"class_list":["post-2588","project-activity","type-project-activity","status-publish","has-post-thumbnail","hentry","category-wp5-collaboration-with-end-users-and-engagement-with-local-stakeholders"],"acf":[],"_links":{"self":[{"href":"https:\/\/soilprom.eu\/pl\/wp-json\/wp\/v2\/project-activity\/2588","targetHints":{"allow":["GET"]}}],"collection":[{"href":"https:\/\/soilprom.eu\/pl\/wp-json\/wp\/v2\/project-activity"}],"about":[{"href":"https:\/\/soilprom.eu\/pl\/wp-json\/wp\/v2\/types\/project-activity"}],"wp:featuredmedia":[{"embeddable":true,"href":"https:\/\/soilprom.eu\/pl\/wp-json\/wp\/v2\/media\/2589"}],"wp:attachment":[{"href":"https:\/\/soilprom.eu\/pl\/wp-json\/wp\/v2\/media?parent=2588"}],"wp:term":[{"taxonomy":"category","embeddable":true,"href":"https:\/\/soilprom.eu\/pl\/wp-json\/wp\/v2\/categories?post=2588"},{"taxonomy":"post_tag","embeddable":true,"href":"https:\/\/soilprom.eu\/pl\/wp-json\/wp\/v2\/tags?post=2588"}],"curies":[{"name":"wp","href":"https:\/\/api.w.org\/{rel}","templated":true}]}}

<p></p>



<p>The <strong>Trzecia edycja Europejskiego Tygodnia Misyjnego (EMSW)</strong> pomyślnie zakończona w dniu <strong>6 listopada 2025 r.</strong> na <strong>Uniwersytet Aarhus, Dania</strong>, co stanowi kolejny kamień milowy w wysiłkach na rzecz <strong>zdrowie gleby, zrównoważone użytkowanie gruntów i rolnictwo przyjazne dla klimatu</strong> w całej Europie.</p>



<p>Organizowane przez <strong>Dyrekcja Generalna ds. Rolnictwa i Rozwoju Obszarów Wiejskich Komisji Europejskiej</strong>, w <strong>Duńskie Ministerstwo Zielonej Transformacji</strong>, oraz <strong>Uniwersytet Aarhus</strong>, i pod auspicjami <strong>Duńska prezydencja w Radzie UE</strong>, EMSW 2025 zgromadziło <strong>Europejska społeczność glebowa</strong> na dwa dni dyskusji na wysokim szczeblu, wymiany wiedzy i zaangażowania interesariuszy.</p>



<p></p>



<p>Tegoroczna edycja podkreśliła <strong>pilna potrzeba mobilizacji kapitału publicznego i prywatnego</strong> dla zdrowia gleby. Z ponad <strong>50 prelegentów-ekspertów</strong> wydarzenie zbadane <strong>innowacyjne modele biznesowe, mechanizmy finansowania i możliwości inwestycyjne</strong> które mogą przyspieszyć przyjęcie zrównoważonych praktyk w rolnictwie, leśnictwie i zarządzaniu gruntami.</p>



<p>Konferencja przyciągnęła <strong>około 300 osobistych uczestników</strong> i <strong>900 widzów online</strong>, tworząc tętniące życiem forum dla naukowców, decydentów, zarządców gruntów, podmiotów społeczeństwa obywatelskiego, rolników, leśników i przedstawicieli przemysłu z całej Europy.</p>



<p></p>



<p>Piętnaście <strong>Projekty finansowane przez misję</strong> zaprezentowali swoje najnowsze osiągnięcia, w tym <strong>rozwiązania w zakresie gospodarki o obiegu zamkniętym, rolnictwo węglowe, bioróżnorodność, rekultywacja zanieczyszczeń, dane dotyczące gleby i inicjatywy angażujące obywateli</strong>. </p>
