
{"id":1923,"date":"2024-11-04T15:44:00","date_gmt":"2024-11-04T15:44:00","guid":{"rendered":"https:\/\/soilprom.eu\/?post_type=project-activity&#038;p=1923"},"modified":"2026-02-12T15:55:47","modified_gmt":"2026-02-12T15:55:47","slug":"soilprom-kicked-off","status":"publish","type":"project-activity","link":"https:\/\/soilprom.eu\/pl\/project-activities\/soilprom-kicked-off\/","title":{"rendered":"SOILPROM ROZPOCZ\u0118TY"},"content":{"rendered":"<h4 class=\"wp-block-heading\">Wraz z naszymi 12 partnerami rozpocz\u0119li\u015bmy projekt SOILPROM w&nbsp;<a href=\"https:\/\/www.upct.es\/\">Universidad Polit\u00e9cnica de Cartagena<\/a>, Hiszpania!<\/h4>\n\n\n\n<p><br>Projekt SOILPROM ma na celu dostarczenie&nbsp;<strong>zmodernizowane i zintegrowane<\/strong><strong>&nbsp;modele dla zanieczyszcze\u0144&nbsp;<\/strong><strong>transport<\/strong>&nbsp;i los\u00f3w, kt\u00f3re oceniaj\u0105 wp\u0142yw zanieczyszczenia gleby na funkcje gleby i powi\u0105zane us\u0142ugi ekosystemowe oraz wspieraj\u0105 lokalne zainteresowane strony w realizacji zr\u00f3wnowa\u017conych strategii zarz\u0105dzania gruntami i polityk dotycz\u0105cych zdrowia gleby w ca\u0142ej Europie, poprzez analiz\u0119 wybranych zanieczyszcze\u0144, kt\u00f3re s\u0105 uwa\u017cane za stwarzaj\u0105ce wysokie ryzyko dla \u015brodowiska i ludzi.<\/p>\n\n\n\n<h3 class=\"wp-block-heading\"><strong>9 przypadk\u00f3w u\u017cycia<\/strong><\/h3>\n\n\n\n<p>S\u0105 oni zaanga\u017cowani w wykorzystanie zaawansowanych narz\u0119dzi cyfrowych do modelowania zanieczyszczenia gleby metalami,&nbsp;<strong>Zwi\u0105zki PFAS<\/strong>,&nbsp;<strong>sk\u0142adniki od\u017cywcze<\/strong>,&nbsp;<strong>mikrodrobiny plastiku<\/strong>, oraz&nbsp;<strong>pestycydy<\/strong>w glebie, powietrzu, wodzie i ro\u015blinach.<\/p>\n\n\n\n<ul class=\"wp-block-list\">\n<li><a href=\"https:\/\/vito.be\/en\">VITO&nbsp;<\/a>przypadk\u00f3w u\u017cycia, zostanie przeprowadzonych kilka bada\u0144: adsorpcja i transport&nbsp;<strong>Zwi\u0105zki PFAS<\/strong>; przedostawanie si\u0119 PFAS z atmosfery do gleby i pobieranie PFAS przez ro\u015bliny.<\/li>\n\n\n\n<li><a href=\"https:\/\/www.wur.nl\/en.htm\">Wageningen University &amp; Research<\/a>&nbsp;przypadku u\u017cycia, badania skupi\u0105 si\u0119 na: transporcie koloidalnym&nbsp;<strong>mikrodrobiny plastiku<\/strong>&nbsp;w glebie; erozja wietrzna i transport atmosferyczny oraz osadzanie si\u0119 py\u0142u i fazy cz\u0105stek sta\u0142ych&nbsp;<strong>pestycydy<\/strong>&nbsp;i mikroplastik\u00f3w oraz erozji wodnej i transportu sp\u0142ywowego pestycyd\u00f3w w fazie rozpuszczonej i cz\u0105steczkowej.<\/li>\n\n\n\n<li><a href=\"https:\/\/www.upct.es\/\">Universidad Polit\u00e9cnica de Cartagena<\/a>, Zesp\u00f3\u0142 b\u0119dzie pracowa\u0142 nad&nbsp;<strong>metale&nbsp;<\/strong>biogeochemia w glebie; erozja wietrzna i transport atmosferyczny oraz osadzanie py\u0142u zanieczyszczonego metalami i hydrologiczny transport metali poprzez erozj\u0119 wodn\u0105, sp\u0142yw i infiltracj\u0119 do gleby.<\/li>\n\n\n\n<li><a href=\"https:\/\/www.nibio.no\/\">NIBIO Norweski Instytut Bada\u0144 nad Biogospodark\u0105<\/a>&nbsp;Przypadek u\u017cycia, poszukiwacze skupi\u0105 si\u0119 na sorpcji i desorpcji&nbsp;<strong>fosfor<\/strong>.<\/li>\n\n\n\n<li><a href=\"https:\/\/www.fz-juelich.de\/de\">Forschungszentrum J\u00fclich<\/a>, Badanie b\u0119dzie dotyczy\u0142o przep\u0142ywu wody i transportu&nbsp;<strong>pestycydy<\/strong>&nbsp;w glebach i wodach gruntowych.<\/li>\n\n\n\n<li><a href=\"https:\/\/pg.edu.pl\/\">Politechnika Gda\u0144ska<\/a>,Transport&nbsp;<strong>sk\u0142adniki od\u017cywcze<\/strong>&nbsp;w glebie, wodach gruntowych i wodach powierzchniowych z wy\u0142adowaniami morskimi.<\/li>\n<\/ul>\n\n\n\n<p><\/p>\n\n\n\n<p><strong>Projekt zosta\u0142 sfinansowany w ramach&nbsp;<a href=\"https:\/\/www.linkedin.com\/feed\/hashtag\/?keywords=horizoneurope&amp;highlightedUpdateUrns=urn%3Ali%3Aactivity%3A7266722395246276608\">Horizon Europe<\/a>&nbsp;program&nbsp;<a href=\"https:\/\/www.linkedin.com\/company\/european-commission\/\">Komisja Europejska<\/a>.<\/strong><\/p>","protected":false},"excerpt":{"rendered":"<p>Discover more about the project&#8217;s goal and upcoming activities!<\/p>","protected":false},"featured_media":1928,"template":"","categories":[11],"tags":[],"class_list":["post-1923","project-activity","type-project-activity","status-publish","has-post-thumbnail","hentry","category-wp7-project-management-and-ethics"],"acf":[],"_links":{"self":[{"href":"https:\/\/soilprom.eu\/pl\/wp-json\/wp\/v2\/project-activity\/1923","targetHints":{"allow":["GET"]}}],"collection":[{"href":"https:\/\/soilprom.eu\/pl\/wp-json\/wp\/v2\/project-activity"}],"about":[{"href":"https:\/\/soilprom.eu\/pl\/wp-json\/wp\/v2\/types\/project-activity"}],"wp:featuredmedia":[{"embeddable":true,"href":"https:\/\/soilprom.eu\/pl\/wp-json\/wp\/v2\/media\/1928"}],"wp:attachment":[{"href":"https:\/\/soilprom.eu\/pl\/wp-json\/wp\/v2\/media?parent=1923"}],"wp:term":[{"taxonomy":"category","embeddable":true,"href":"https:\/\/soilprom.eu\/pl\/wp-json\/wp\/v2\/categories?post=1923"},{"taxonomy":"post_tag","embeddable":true,"href":"https:\/\/soilprom.eu\/pl\/wp-json\/wp\/v2\/tags?post=1923"}],"curies":[{"name":"wp","href":"https:\/\/api.w.org\/{rel}","templated":true}]}}

SOILPROM ROZPOCZĘTY

<h4 class="wp-block-heading">Wraz z naszymi 12 partnerami rozpoczęliśmy projekt SOILPROM w&nbsp;<a href="https://www.upct.es/">Universidad Politécnica de Cartagena</a>, Hiszpania!</h4>



<p><br>Projekt SOILPROM ma na celu dostarczenie&nbsp;<strong>zmodernizowane i zintegrowane</strong><strong>&nbsp;modele dla zanieczyszczeń&nbsp;</strong><strong>transport</strong>&nbsp;i losów, które oceniają wpływ zanieczyszczenia gleby na funkcje gleby i powiązane usługi ekosystemowe oraz wspierają lokalne zainteresowane strony w realizacji zrównoważonych strategii zarządzania gruntami i polityk dotyczących zdrowia gleby w całej Europie, poprzez analizę wybranych zanieczyszczeń, które są uważane za stwarzające wysokie ryzyko dla środowiska i ludzi.</p>



<h3 class="wp-block-heading"><strong>9 przypadków użycia</strong></h3>



<p>Są oni zaangażowani w wykorzystanie zaawansowanych narzędzi cyfrowych do modelowania zanieczyszczenia gleby metalami,&nbsp;<strong>Związki PFAS</strong>,&nbsp;<strong>składniki odżywcze</strong>,&nbsp;<strong>mikrodrobiny plastiku</strong>, oraz&nbsp;<strong>pestycydy</strong>w glebie, powietrzu, wodzie i roślinach.</p>



<ul class="wp-block-list">
<li><a href="https://vito.be/en">VITO&nbsp;</a>przypadków użycia, zostanie przeprowadzonych kilka badań: adsorpcja i transport&nbsp;<strong>Związki PFAS</strong>; przedostawanie się PFAS z atmosfery do gleby i pobieranie PFAS przez rośliny.</li>



<li><a href="https://www.wur.nl/en.htm">Wageningen University &amp; Research</a>&nbsp;przypadku użycia, badania skupią się na: transporcie koloidalnym&nbsp;<strong>mikrodrobiny plastiku</strong>&nbsp;w glebie; erozja wietrzna i transport atmosferyczny oraz osadzanie się pyłu i fazy cząstek stałych&nbsp;<strong>pestycydy</strong>&nbsp;i mikroplastików oraz erozji wodnej i transportu spływowego pestycydów w fazie rozpuszczonej i cząsteczkowej.</li>



<li><a href="https://www.upct.es/">Universidad Politécnica de Cartagena</a>, Zespół będzie pracował nad&nbsp;<strong>metale&nbsp;</strong>biogeochemia w glebie; erozja wietrzna i transport atmosferyczny oraz osadzanie pyłu zanieczyszczonego metalami i hydrologiczny transport metali poprzez erozję wodną, spływ i infiltrację do gleby.</li>



<li><a href="https://www.nibio.no/">NIBIO Norweski Instytut Badań nad Biogospodarką</a>&nbsp;Przypadek użycia, poszukiwacze skupią się na sorpcji i desorpcji&nbsp;<strong>fosfor</strong>.</li>



<li><a href="https://www.fz-juelich.de/de">Forschungszentrum Jülich</a>, Badanie będzie dotyczyło przepływu wody i transportu&nbsp;<strong>pestycydy</strong>&nbsp;w glebach i wodach gruntowych.</li>



<li><a href="https://pg.edu.pl/">Politechnika Gdańska</a>,Transport&nbsp;<strong>składniki odżywcze</strong>&nbsp;w glebie, wodach gruntowych i wodach powierzchniowych z wyładowaniami morskimi.</li>
</ul>



<p></p>



<p><strong>Projekt został sfinansowany w ramach&nbsp;<a href="https://www.linkedin.com/feed/hashtag/?keywords=horizoneurope&amp;highlightedUpdateUrns=urn%3Ali%3Aactivity%3A7266722395246276608">Horizon Europe</a>&nbsp;program&nbsp;<a href="https://www.linkedin.com/company/european-commission/">Komisja Europejska</a>.</strong></p>
