
{"id":2588,"date":"2025-12-01T11:50:00","date_gmt":"2025-12-01T11:50:00","guid":{"rendered":"https:\/\/soilprom.eu\/?post_type=project-activity&#038;p=2588"},"modified":"2026-01-27T11:54:12","modified_gmt":"2026-01-27T11:54:12","slug":"soilprom-at-the-mission-soil-week-2025","status":"publish","type":"project-activity","link":"https:\/\/soilprom.eu\/es\/project-activities\/soilprom-at-the-mission-soil-week-2025\/","title":{"rendered":"SOILPROM en la Semana del Suelo de Mission 2025"},"content":{"rendered":"<p><\/p>\n\n\n\n<p>En <strong>Tercera edici\u00f3n de la Semana Europea de la Misi\u00f3n Suelo (SEMS)<\/strong> concluy\u00f3 con \u00e9xito el <strong>6 de noviembre de 2025<\/strong> en <strong>Universidad de Aarhus, Dinamarca<\/strong>, que marca otro hito en los esfuerzos por avanzar <strong>salud del suelo, uso sostenible de la tierra y agricultura clim\u00e1ticamente inteligente<\/strong> en toda Europa.<\/p>\n\n\n\n<p>Organizado por la <strong>Direcci\u00f3n General de Agricultura y Desarrollo Rural de la Comisi\u00f3n Europea<\/strong>, El <strong>Ministerio dan\u00e9s de Transici\u00f3n Verde<\/strong>, y <strong>Universidad de Aarhus<\/strong>, y bajo los auspicios de la <strong>Presidencia danesa del Consejo de la UE<\/strong>, EMSW 2025 reuni\u00f3 a los <strong>Comunidad europea del suelo<\/strong> durante dos d\u00edas de debates de alto nivel, intercambio de conocimientos y participaci\u00f3n de las partes interesadas.<\/p>\n\n\n\n<p><\/p>\n\n\n\n<p>La edici\u00f3n de este a\u00f1o puso de relieve la <strong>urgencia de movilizar capital p\u00fablico y privado<\/strong> para la salud del suelo. Con m\u00e1s de <strong>50 ponentes expertos<\/strong> el acontecimiento explor\u00f3 <strong>modelos empresariales innovadores, mecanismos de financiaci\u00f3n y oportunidades de inversi\u00f3n<\/strong> que pueden acelerar la adopci\u00f3n de pr\u00e1cticas sostenibles en la agricultura, la silvicultura y la gesti\u00f3n del suelo.<\/p>\n\n\n\n<p>La conferencia atrajo a <strong>unos 300 participantes presenciales<\/strong> y <strong>900 espectadores en l\u00ednea<\/strong>, creando un foro din\u00e1mico para investigadores, responsables pol\u00edticos, gestores del territorio, agentes de la sociedad civil, agricultores, silvicultores y representantes de la industria de toda Europa.<\/p>\n\n\n\n<p><\/p>\n\n\n\n<p>Quince <strong>Proyectos financiados por la Misi\u00f3n<\/strong> presentaron sus \u00faltimos avances, entre ellos <strong>soluciones de econom\u00eda circular, agricultura del carbono, biodiversidad, descontaminaci\u00f3n, datos sobre el suelo e iniciativas de participaci\u00f3n ciudadana<\/strong>. <\/p>","protected":false},"excerpt":{"rendered":"<p>The third edition of European Mission Soil Week (EMSW) successfully concluded on 6 November 2025 at Aarhus University, Denmark, marking another milestone in efforts to advance soil health, sustainable land use, and climate-smart agriculture across Europe. Organised by the European Commission\u2019s Directorate-General for Agriculture and Rural Development, the Danish Ministry of Green Transition, and Aarhus [&hellip;]<\/p>\n","protected":false},"featured_media":2589,"template":"","categories":[9],"tags":[],"class_list":["post-2588","project-activity","type-project-activity","status-publish","has-post-thumbnail","hentry","category-wp5-collaboration-with-end-users-and-engagement-with-local-stakeholders"],"acf":[],"_links":{"self":[{"href":"https:\/\/soilprom.eu\/es\/wp-json\/wp\/v2\/project-activity\/2588","targetHints":{"allow":["GET"]}}],"collection":[{"href":"https:\/\/soilprom.eu\/es\/wp-json\/wp\/v2\/project-activity"}],"about":[{"href":"https:\/\/soilprom.eu\/es\/wp-json\/wp\/v2\/types\/project-activity"}],"wp:featuredmedia":[{"embeddable":true,"href":"https:\/\/soilprom.eu\/es\/wp-json\/wp\/v2\/media\/2589"}],"wp:attachment":[{"href":"https:\/\/soilprom.eu\/es\/wp-json\/wp\/v2\/media?parent=2588"}],"wp:term":[{"taxonomy":"category","embeddable":true,"href":"https:\/\/soilprom.eu\/es\/wp-json\/wp\/v2\/categories?post=2588"},{"taxonomy":"post_tag","embeddable":true,"href":"https:\/\/soilprom.eu\/es\/wp-json\/wp\/v2\/tags?post=2588"}],"curies":[{"name":"wp","href":"https:\/\/api.w.org\/{rel}","templated":true}]}}

<p></p>



<p>En <strong>Tercera edición de la Semana Europea de la Misión Suelo (SEMS)</strong> concluyó con éxito el <strong>6 de noviembre de 2025</strong> en <strong>Universidad de Aarhus, Dinamarca</strong>, que marca otro hito en los esfuerzos por avanzar <strong>salud del suelo, uso sostenible de la tierra y agricultura climáticamente inteligente</strong> en toda Europa.</p>



<p>Organizado por la <strong>Dirección General de Agricultura y Desarrollo Rural de la Comisión Europea</strong>, El <strong>Ministerio danés de Transición Verde</strong>, y <strong>Universidad de Aarhus</strong>, y bajo los auspicios de la <strong>Presidencia danesa del Consejo de la UE</strong>, EMSW 2025 reunió a los <strong>Comunidad europea del suelo</strong> durante dos días de debates de alto nivel, intercambio de conocimientos y participación de las partes interesadas.</p>



<p></p>



<p>La edición de este año puso de relieve la <strong>urgencia de movilizar capital público y privado</strong> para la salud del suelo. Con más de <strong>50 ponentes expertos</strong> el acontecimiento exploró <strong>modelos empresariales innovadores, mecanismos de financiación y oportunidades de inversión</strong> que pueden acelerar la adopción de prácticas sostenibles en la agricultura, la silvicultura y la gestión del suelo.</p>



<p>La conferencia atrajo a <strong>unos 300 participantes presenciales</strong> y <strong>900 espectadores en línea</strong>, creando un foro dinámico para investigadores, responsables políticos, gestores del territorio, agentes de la sociedad civil, agricultores, silvicultores y representantes de la industria de toda Europa.</p>



<p></p>



<p>Quince <strong>Proyectos financiados por la Misión</strong> presentaron sus últimos avances, entre ellos <strong>soluciones de economía circular, agricultura del carbono, biodiversidad, descontaminación, datos sobre el suelo e iniciativas de participación ciudadana</strong>. </p>
